{"id":1484,"date":"2021-10-20T11:46:13","date_gmt":"2021-10-20T09:46:13","guid":{"rendered":"http:\/\/amandinefabry.be\/?page_id=1484"},"modified":"2025-03-17T23:04:46","modified_gmt":"2025-03-17T22:04:46","slug":"about","status":"publish","type":"page","link":"https:\/\/amandinefabry.be\/index.php\/about\/","title":{"rendered":"bio \/ contacts"},"content":{"rendered":"\n<div class=\"wp-block-columns is-layout-flex wp-container-core-columns-is-layout-2 wp-block-columns-is-layout-flex\">\n<div class=\"wp-block-column is-layout-flow wp-block-column-is-layout-flow\">\n<p>If you want to contact Amandine FABRY, get a price or order a plaid, please send an email to: <strong><a href=\"mailto:info@amandinefabry.be\">info@amandinefabry.be<\/a><\/strong><\/p>\n\n\n\n<p>Drawn to the heart of textiles by an understanding of the thread&rsquo;s path through the weave, I&rsquo;ve been fascinated &#8211; from the very first technical decoding &#8211; by the graphic representation of woven fabrics, by their graphic power, by the effectiveness of this binary code which, in its complexity, brings together the sensible and the intelligible.                                                                                                   <\/p>\n\n\n\n<p>It was through the hand that this language opened up to his curiosity.<\/p>\n\n\n\n<p>The hand, an extremity of sensitive and intelligible expression, sorts out its own impulses, understands its gestures, observes its commands and reads its movements. Hands shake and cogitate. Their reflections are imprinted in the material and become verb through doing.<\/p>\n\n\n\n<p>The threads that have found their way into her hands and that she has come to weave as she seeks to string together answers, weave distance and certainly bind meaning, have first allowed her to heal the interstices before allowing her to think about their condition.<\/p>\n\n\n\n<p>Amandine Fabry, born in 1977, is a Belgian textile designer. Her interests and career lie at the heart of the textile material and its challenges. She has been working in the textile sector for over twenty years, in a variety of positions and in a wide range of practices, and through weaving she has brought together her passion for and questions about the very definition and production of a fabric. Passionate about the practice of weaving, she has identified a language to be explored both in the design of woven fabrics and in the graphic strength of their representations. She began her career as a senior designer in the automotive industry, where she carried out research and development for a number of marketed models.<\/p>\n\n\n\n<p>In 2003, when the textile design course was launched at the <a href=\"https:\/\/arba-esa.be\/fr\/formations\/formations\/bac-et-master\/design-textile\">Royal Academy of Fine Arts (ArBA-EsA)<\/a>, she joined the teaching team and, alongside the successive professors, co-constructed the workshop&rsquo;s teaching project. <\/p>\n\n\n\n<p>Over the years, her teaching, focus on the practice of weaving, has become an act of transmission and sharing, giving this ancestral practice a contemporary twist and highlighting its rich complexity, between know-how, creativity and cultural heritage. <\/p>\n\n\n\n<p>She also co-founded the habit-T design studio, a textile design and production workshop aimed at revitalising hand-weaving and exploring new ways of writing textiles. This project has been showcased at numerous exhibitions and contemporary design fairs. In 2007, habit-T was shortlisted for the final jury of the European \u00c9mile Herm\u00e8s prize, and in 2008 it was awarded the prize at the Li\u00e8ge Design Biennial. <\/p>\n\n\n\n<p>Amandine Fabry currently divides her time between teaching, the development of her <a href=\"https:\/\/amandinefabry.be\/index.php\/trames-factices\/\"><em><strong>tramesFACTICES<\/strong><\/em><\/a> project and research in the industrial sector, combining transmission, artistic exploration and technical innovation.                                     .<\/p>\n\n\n\n<figure class=\"wp-block-image size-medium is-resized\"><a href=\"https:\/\/www.instagram.com\/fabry.amandine\/\"><img loading=\"lazy\" decoding=\"async\" width=\"300\" height=\"59\" src=\"https:\/\/amandinefabry.be\/wp-content\/uploads\/2025\/03\/Capture-decran-2025-03-17-a-21.34.13-1-300x59.png\" alt=\"Capture d\u2019\u00e9cran 2025 03 17 \u00e0 21.34.13\" class=\"wp-image-3585\" style=\"width:348px;height:auto\" srcset=\"https:\/\/amandinefabry.be\/wp-content\/uploads\/2025\/03\/Capture-decran-2025-03-17-a-21.34.13-1-300x59.png 300w, https:\/\/amandinefabry.be\/wp-content\/uploads\/2025\/03\/Capture-decran-2025-03-17-a-21.34.13-1-768x151.png 768w, https:\/\/amandinefabry.be\/wp-content\/uploads\/2025\/03\/Capture-decran-2025-03-17-a-21.34.13-1.png 792w\" sizes=\"auto, (max-width: 300px) 100vw, 300px\" \/><\/a><\/figure>\n<\/div>\n\n\n\n<div class=\"wp-block-column is-layout-flow wp-block-column-is-layout-flow\">\n<p>Si vous voulez contacter Amandine FABRY, obtenir un prix ou commander un plaid, merci d\u2019envoyer un mail \u00e0 : <strong><a href=\"mailto:info@amandinefabry.be\">info@amandinefabry.be<\/a><\/strong><\/p>\n\n\n\n<p>Aspir\u00e9e au c\u0153ur de la mati\u00e8re textile par la compr\u00e9hension du chemin du fil dans le tissage, elle est \u2013 d\u00e8s les premiers d\u00e9codages techniques \u2013 fascin\u00e9e par la repr\u00e9sentation graphique des tissus tiss\u00e9s, par leur puissance graphique, par l\u2019efficacit\u00e9 de ce code binaire qui renferme en sa complexit\u00e9 un rapprochement entre sensible et intelligible.<\/p>\n\n\n\n<p>C\u2019est d\u2019abord par la main que ce langage s\u2019est ouvert \u00e0 sa curiosit\u00e9.<\/p>\n\n\n\n<p>La main, extr\u00e9mit\u00e9 d\u2019expression sensible et intelligible, trie ses propres \u00e9lans, comprend ses gestes, observe ses commandes et lit ses mouvements. Les mains s\u2019agitent, cogitent. Leurs r\u00e9flexions sont imprim\u00e9es dans la mati\u00e8re et deviennent verbe par le faire.<\/p>\n\n\n\n<p>Les fils qui se sont retrouv\u00e9s dans ses mains et qu\u2019elle est venue \u00e0 tisser en cherchant \u00e0 ficeler des r\u00e9ponses, \u00e0 tramer de la distance et certainement \u00e0 lier du sens lui ont d\u2019abord permis de panser des interstices avant de lui permettre de penser leur condition.<\/p>\n\n\n\n<p>Amandine Fabry, n\u00e9e en 1977, est une designer textile belge. Ses int\u00e9r\u00eats et son parcours se situent au coeur de la mati\u00e8re textile et de ses enjeux. Actrice du secteur textile depuis plus d\u2019une vingtaine d\u2019ann\u00e9es dans des postes divers et des pratiques multiples, elle croise &#8211; au travers de la pratique du tissage &#8211; son engouement et ses questionnements autour de la d\u00e9finition et de l\u2019\u00e9laboration m\u00eame d\u2019un tissu. Passionn\u00e9e par la pratique du tissage, elle y cerne un langage \u00e0 explorer aussi bien dans la conception des tissus tiss\u00e9s que dans la force graphique de leurs repr\u00e9sentations. Elle a d\u00e9but\u00e9 sa carri\u00e8re en tant que senior designer dans l&rsquo;industrie automobile, o\u00f9 elle a men\u00e9 des recherches et d\u00e9veloppements pour de nombreux mod\u00e8les commercialis\u00e9s.&nbsp;<\/p>\n\n\n\n<p>En 2003, lors de l\u2019ouverture du cursus de design textile \u00e0 <a href=\"https:\/\/arba-esa.be\/fr\/formations\/formations\/bac-et-master\/design-textile\">l\u2019Acad\u00e9mie Royale des Beaux-Arts (ArBA-EsA)<\/a>, elle rejoint l\u2019\u00e9quipe p\u00e9dagogique et co-construit, aux c\u00f4t\u00e9s des titulaires successives, le projet de cet atelier.&nbsp;<\/p>\n\n\n\n<p>Au fil des ann\u00e9es, son enseignement centr\u00e9 sur la pratique du tissage est devenu un acte de transmission et de partage, donnant \u00e0 cette pratique ancestrale un souffle contemporain et mettant en lumi\u00e8re la richesse de sa complexit\u00e9, entre savoir-faire, cr\u00e9ativit\u00e9 et h\u00e9ritage culturel.<\/p>\n\n\n\n<p>Elle a \u00e9galement cofond\u00e9 le studio de cr\u00e9ation <em>habit-T<\/em>, un atelier de cr\u00e9ation et de production textile visant \u00e0 revaloriser le tissage manuel et \u00e0 explorer de nouvelles \u00e9critures textiles. Ce projet s\u2019est illustr\u00e9 \u00e0 travers de nombreuses expositions et salons de cr\u00e9ations contemporains. Parmi ses distinctions, <em>habit-T<\/em> a \u00e9t\u00e9 s\u00e9lectionn\u00e9 en 2007 pour le jury final du prix europ\u00e9en \u00c9mile Herm\u00e8s et a re\u00e7u, en 2008, le prix de la biennale de design de Li\u00e8ge.<\/p>\n\n\n\n<p>Actuellement, Amandine Fabry se d\u00e9ploie entre l\u2019enseignement, le d\u00e9veloppement de son projet <strong><em><a href=\"https:\/\/amandinefabry.be\/index.php\/trames-factices\/\">tramesFACTICES<\/a><\/em><\/strong> et des recherches dans le secteur industriel, articulant ainsi transmission, exploration artistique et innovation technique.<\/p>\n\n\n\n<div class=\"wp-block-columns is-layout-flex wp-container-core-columns-is-layout-1 wp-block-columns-is-layout-flex\">\n<div class=\"wp-block-column is-layout-flow wp-block-column-is-layout-flow\">\n<figure class=\"wp-block-image size-medium is-resized\"><a href=\"https:\/\/www.facebook.com\/profile.php?id=100007438546245&amp;locale=fr_BE\"><img loading=\"lazy\" decoding=\"async\" width=\"300\" height=\"59\" src=\"https:\/\/amandinefabry.be\/wp-content\/uploads\/2025\/03\/Capture-decran-2025-03-17-a-21.34.05-300x59.png\" alt=\"Capture d\u2019\u00e9cran 2025 03 17 \u00e0 21.34.05\" class=\"wp-image-3582\" style=\"width:343px;height:auto\" srcset=\"https:\/\/amandinefabry.be\/wp-content\/uploads\/2025\/03\/Capture-decran-2025-03-17-a-21.34.05-300x59.png 300w, https:\/\/amandinefabry.be\/wp-content\/uploads\/2025\/03\/Capture-decran-2025-03-17-a-21.34.05-768x151.png 768w, https:\/\/amandinefabry.be\/wp-content\/uploads\/2025\/03\/Capture-decran-2025-03-17-a-21.34.05.png 792w\" sizes=\"auto, (max-width: 300px) 100vw, 300px\" \/><\/a><\/figure>\n<\/div>\n<\/div>\n<\/div>\n<\/div>\n\n\n\n<p style=\"font-size:clamp(14px, 0.875rem + ((1vw - 3.2px) * 0.313), 18px);px\"><\/p>\n","protected":false},"excerpt":{"rendered":"<p>If you want to contact Amandine FABRY, get a price or order a plaid, please send an email to: info@amandinefabry.<br \/>be Drawn to the heart[\u2026]<\/p>\n","protected":false},"author":3,"featured_media":0,"parent":0,"menu_order":0,"comment_status":"closed","ping_status":"closed","template":"page-templates\/fullwidth.php","meta":{"remove_blocks_before_content":false,"remove_blocks_after_content":false,"countdown_timer_date_events":"","disable_reading_progress_bar":false,"footnotes":""},"class_list":["post-1484","page","type-page","status-publish","hentry"],"featured_image_src":null,"featured_image_src_square":null,"_links":{"self":[{"href":"https:\/\/amandinefabry.be\/index.php\/wp-json\/wp\/v2\/pages\/1484","targetHints":{"allow":["GET"]}}],"collection":[{"href":"https:\/\/amandinefabry.be\/index.php\/wp-json\/wp\/v2\/pages"}],"about":[{"href":"https:\/\/amandinefabry.be\/index.php\/wp-json\/wp\/v2\/types\/page"}],"author":[{"embeddable":true,"href":"https:\/\/amandinefabry.be\/index.php\/wp-json\/wp\/v2\/users\/3"}],"replies":[{"embeddable":true,"href":"https:\/\/amandinefabry.be\/index.php\/wp-json\/wp\/v2\/comments?post=1484"}],"version-history":[{"count":42,"href":"https:\/\/amandinefabry.be\/index.php\/wp-json\/wp\/v2\/pages\/1484\/revisions"}],"predecessor-version":[{"id":3612,"href":"https:\/\/amandinefabry.be\/index.php\/wp-json\/wp\/v2\/pages\/1484\/revisions\/3612"}],"wp:attachment":[{"href":"https:\/\/amandinefabry.be\/index.php\/wp-json\/wp\/v2\/media?parent=1484"}],"curies":[{"name":"wp","href":"https:\/\/api.w.org\/{rel}","templated":true}]}}

<div class="wp-block-columns is-layout-flex wp-container-core-columns-is-layout-2 wp-block-columns-is-layout-flex">
<div class="wp-block-column is-layout-flow wp-block-column-is-layout-flow">
<p>If you want to contact Amandine FABRY, get a price or order a plaid, please send an email to: <strong><a href="mailto:info@amandinefabry.be">info@amandinefabry.be</a></strong></p>



<p>Drawn to the heart of textiles by an understanding of the thread&rsquo;s path through the weave, I&rsquo;ve been fascinated &#8211; from the very first technical decoding &#8211; by the graphic representation of woven fabrics, by their graphic power, by the effectiveness of this binary code which, in its complexity, brings together the sensible and the intelligible.                                                                                                   </p>



<p>It was through the hand that this language opened up to his curiosity.</p>



<p>The hand, an extremity of sensitive and intelligible expression, sorts out its own impulses, understands its gestures, observes its commands and reads its movements. Hands shake and cogitate. Their reflections are imprinted in the material and become verb through doing.</p>



<p>The threads that have found their way into her hands and that she has come to weave as she seeks to string together answers, weave distance and certainly bind meaning, have first allowed her to heal the interstices before allowing her to think about their condition.</p>



<p>Amandine Fabry, born in 1977, is a Belgian textile designer. Her interests and career lie at the heart of the textile material and its challenges. She has been working in the textile sector for over twenty years, in a variety of positions and in a wide range of practices, and through weaving she has brought together her passion for and questions about the very definition and production of a fabric. Passionate about the practice of weaving, she has identified a language to be explored both in the design of woven fabrics and in the graphic strength of their representations. She began her career as a senior designer in the automotive industry, where she carried out research and development for a number of marketed models.</p>



<p>In 2003, when the textile design course was launched at the <a href="https://arba-esa.be/fr/formations/formations/bac-et-master/design-textile">Royal Academy of Fine Arts (ArBA-EsA)</a>, she joined the teaching team and, alongside the successive professors, co-constructed the workshop&rsquo;s teaching project. </p>



<p>Over the years, her teaching, focus on the practice of weaving, has become an act of transmission and sharing, giving this ancestral practice a contemporary twist and highlighting its rich complexity, between know-how, creativity and cultural heritage. </p>



<p>She also co-founded the habit-T design studio, a textile design and production workshop aimed at revitalising hand-weaving and exploring new ways of writing textiles. This project has been showcased at numerous exhibitions and contemporary design fairs. In 2007, habit-T was shortlisted for the final jury of the European Émile Hermès prize, and in 2008 it was awarded the prize at the Liège Design Biennial. </p>



<p>Amandine Fabry currently divides her time between teaching, the development of her <a href="https://amandinefabry.be/index.php/trames-factices/"><em><strong>tramesFACTICES</strong></em></a> project and research in the industrial sector, combining transmission, artistic exploration and technical innovation.                                     .</p>



<figure class="wp-block-image size-medium is-resized"><a href="https://www.instagram.com/fabry.amandine/"><img loading="lazy" decoding="async" width="300" height="59" src="https://amandinefabry.be/wp-content/uploads/2025/03/Capture-decran-2025-03-17-a-21.34.13-1-300x59.png" alt="Capture d’écran 2025 03 17 à 21.34.13" class="wp-image-3585" style="width:348px;height:auto" srcset="https://amandinefabry.be/wp-content/uploads/2025/03/Capture-decran-2025-03-17-a-21.34.13-1-300x59.png 300w, https://amandinefabry.be/wp-content/uploads/2025/03/Capture-decran-2025-03-17-a-21.34.13-1-768x151.png 768w, https://amandinefabry.be/wp-content/uploads/2025/03/Capture-decran-2025-03-17-a-21.34.13-1.png 792w" sizes="auto, (max-width: 300px) 100vw, 300px" /></a></figure>
</div>



<div class="wp-block-column is-layout-flow wp-block-column-is-layout-flow">
<p>Si vous voulez contacter Amandine FABRY, obtenir un prix ou commander un plaid, merci d’envoyer un mail à : <strong><a href="mailto:info@amandinefabry.be">info@amandinefabry.be</a></strong></p>



<p>Aspirée au cœur de la matière textile par la compréhension du chemin du fil dans le tissage, elle est – dès les premiers décodages techniques – fascinée par la représentation graphique des tissus tissés, par leur puissance graphique, par l’efficacité de ce code binaire qui renferme en sa complexité un rapprochement entre sensible et intelligible.</p>



<p>C’est d’abord par la main que ce langage s’est ouvert à sa curiosité.</p>



<p>La main, extrémité d’expression sensible et intelligible, trie ses propres élans, comprend ses gestes, observe ses commandes et lit ses mouvements. Les mains s’agitent, cogitent. Leurs réflexions sont imprimées dans la matière et deviennent verbe par le faire.</p>



<p>Les fils qui se sont retrouvés dans ses mains et qu’elle est venue à tisser en cherchant à ficeler des réponses, à tramer de la distance et certainement à lier du sens lui ont d’abord permis de panser des interstices avant de lui permettre de penser leur condition.</p>



<p>Amandine Fabry, née en 1977, est une designer textile belge. Ses intérêts et son parcours se situent au coeur de la matière textile et de ses enjeux. Actrice du secteur textile depuis plus d’une vingtaine d’années dans des postes divers et des pratiques multiples, elle croise &#8211; au travers de la pratique du tissage &#8211; son engouement et ses questionnements autour de la définition et de l’élaboration même d’un tissu. Passionnée par la pratique du tissage, elle y cerne un langage à explorer aussi bien dans la conception des tissus tissés que dans la force graphique de leurs représentations. Elle a débuté sa carrière en tant que senior designer dans l&rsquo;industrie automobile, où elle a mené des recherches et développements pour de nombreux modèles commercialisés.&nbsp;</p>



<p>En 2003, lors de l’ouverture du cursus de design textile à <a href="https://arba-esa.be/fr/formations/formations/bac-et-master/design-textile">l’Académie Royale des Beaux-Arts (ArBA-EsA)</a>, elle rejoint l’équipe pédagogique et co-construit, aux côtés des titulaires successives, le projet de cet atelier.&nbsp;</p>



<p>Au fil des années, son enseignement centré sur la pratique du tissage est devenu un acte de transmission et de partage, donnant à cette pratique ancestrale un souffle contemporain et mettant en lumière la richesse de sa complexité, entre savoir-faire, créativité et héritage culturel.</p>



<p>Elle a également cofondé le studio de création <em>habit-T</em>, un atelier de création et de production textile visant à revaloriser le tissage manuel et à explorer de nouvelles écritures textiles. Ce projet s’est illustré à travers de nombreuses expositions et salons de créations contemporains. Parmi ses distinctions, <em>habit-T</em> a été sélectionné en 2007 pour le jury final du prix européen Émile Hermès et a reçu, en 2008, le prix de la biennale de design de Liège.</p>



<p>Actuellement, Amandine Fabry se déploie entre l’enseignement, le développement de son projet <strong><em><a href="https://amandinefabry.be/index.php/trames-factices/">tramesFACTICES</a></em></strong> et des recherches dans le secteur industriel, articulant ainsi transmission, exploration artistique et innovation technique.</p>



<div class="wp-block-columns is-layout-flex wp-container-core-columns-is-layout-1 wp-block-columns-is-layout-flex">
<div class="wp-block-column is-layout-flow wp-block-column-is-layout-flow">
<figure class="wp-block-image size-medium is-resized"><a href="https://www.facebook.com/profile.php?id=100007438546245&amp;locale=fr_BE"><img loading="lazy" decoding="async" width="300" height="59" src="https://amandinefabry.be/wp-content/uploads/2025/03/Capture-decran-2025-03-17-a-21.34.05-300x59.png" alt="Capture d’écran 2025 03 17 à 21.34.05" class="wp-image-3582" style="width:343px;height:auto" srcset="https://amandinefabry.be/wp-content/uploads/2025/03/Capture-decran-2025-03-17-a-21.34.05-300x59.png 300w, https://amandinefabry.be/wp-content/uploads/2025/03/Capture-decran-2025-03-17-a-21.34.05-768x151.png 768w, https://amandinefabry.be/wp-content/uploads/2025/03/Capture-decran-2025-03-17-a-21.34.05.png 792w" sizes="auto, (max-width: 300px) 100vw, 300px" /></a></figure>
</div>
</div>
</div>
</div>



<p style="font-size:clamp(14px, 0.875rem + ((1vw - 3.2px) * 0.313), 18px);px"></p>
