{"id":1626,"date":"2022-04-20T14:20:28","date_gmt":"2022-04-20T12:20:28","guid":{"rendered":"http:\/\/amandinefabry.be\/?page_id=1626"},"modified":"2022-04-20T14:43:20","modified_gmt":"2022-04-20T12:43:20","slug":"in-vitrin","status":"publish","type":"page","link":"https:\/\/amandinefabry.be\/index.php\/in-vitrin\/","title":{"rendered":"IN VITRIN&rsquo;, Galerie Les Drapiers, Li\u00e8ge"},"content":{"rendered":"\n<figure class=\"wp-block-image\"><a href=\"https:\/\/www.lesdrapiers.be\/evenements\/vitrinevanessa-cao-et-amandine-fabry\/\"><img decoding=\"async\" src=\"https:\/\/www.lesdrapiers.be\/wp-content\/uploads\/2019\/08\/Logo_Drapiers_small_2.svg\" alt=\"Les Drapiers\"\/><\/a><\/figure>\n\n\n\n<h2 class=\"wp-block-heading\" id=\"vitrine-de-printemps\"><a href=\"https:\/\/www.lesdrapiers.be\/evenements\/vitrinevanessa-cao-et-amandine-fabry\/\">Vitrine de printemps<\/a><\/h2>\n\n\n\n<h2 class=\"wp-block-heading\" id=\"amandine-fabry-et-vanessa-cao\"><a href=\"https:\/\/www.lesdrapiers.be\/evenements\/vitrinevanessa-cao-et-amandine-fabry\/\">Amandine Fabry et Vanessa Cao<\/a><\/h2>\n\n\n\n<p>Du lundi 14 mars au vendredi 15 avril 2022, En vitrine aux Drapiers, Li\u00e8ge<\/p>\n\n\n\n<p>Partageant un atelier commun, Vanessa Cao et Amandine Fabry occupent ensemble la vitrine des Drapiers jusqu\u2019au 30 avril.<\/p>\n\n\n\n<p>La repr\u00e9sentation de la nature est omnipr\u00e9sente, cadr\u00e9e et transfigur\u00e9e par le filtre photographique de Vanessa Cao et par le code binaire du tissage d\u2019Amandine Fabry.<\/p>\n\n\n\n<p>Le trouble de l\u2019image est augment\u00e9 par les \u00e9paisseurs du fil, par le tissu mis \u00e0 plat et par des tirages photographiques presqu\u2019irr\u00e9els, tr\u00e8s graphique aussi&nbsp;: le tout tr\u00e8s pictural.<\/p>\n\n\n\n<p>Les deux valorisent chacune \u00e0 leur mani\u00e8re les reflets, les flous, les aplats et la couleur.<\/p>\n\n\n\n<figure class=\"wp-block-image size-large\"><img loading=\"lazy\" decoding=\"async\" width=\"1024\" height=\"768\" src=\"http:\/\/amandinefabry.be\/wp-content\/uploads\/2022\/04\/IMG_4728-1024x768.jpeg\" alt=\"\" class=\"wp-image-1629\" srcset=\"https:\/\/amandinefabry.be\/wp-content\/uploads\/2022\/04\/IMG_4728-1024x768.jpeg 1024w, https:\/\/amandinefabry.be\/wp-content\/uploads\/2022\/04\/IMG_4728-300x225.jpeg 300w, https:\/\/amandinefabry.be\/wp-content\/uploads\/2022\/04\/IMG_4728-768x576.jpeg 768w, https:\/\/amandinefabry.be\/wp-content\/uploads\/2022\/04\/IMG_4728-1536x1152.jpeg 1536w, https:\/\/amandinefabry.be\/wp-content\/uploads\/2022\/04\/IMG_4728-2048x1536.jpeg 2048w\" sizes=\"auto, (max-width: 1024px) 100vw, 1024px\" \/><\/figure>\n\n\n\n<figure class=\"wp-block-image size-large\"><img loading=\"lazy\" decoding=\"async\" width=\"768\" height=\"1024\" src=\"http:\/\/amandinefabry.be\/wp-content\/uploads\/2022\/04\/IMG_4713-1-768x1024.jpeg\" alt=\"\" class=\"wp-image-1631\" srcset=\"https:\/\/amandinefabry.be\/wp-content\/uploads\/2022\/04\/IMG_4713-1-768x1024.jpeg 768w, https:\/\/amandinefabry.be\/wp-content\/uploads\/2022\/04\/IMG_4713-1-225x300.jpeg 225w, https:\/\/amandinefabry.be\/wp-content\/uploads\/2022\/04\/IMG_4713-1-1152x1536.jpeg 1152w, https:\/\/amandinefabry.be\/wp-content\/uploads\/2022\/04\/IMG_4713-1-1536x2048.jpeg 1536w, https:\/\/amandinefabry.be\/wp-content\/uploads\/2022\/04\/IMG_4713-1-scaled.jpeg 1920w\" sizes=\"auto, (max-width: 768px) 100vw, 768px\" \/><\/figure>\n\n\n\n<figure class=\"wp-block-image size-large\"><img loading=\"lazy\" decoding=\"async\" width=\"629\" height=\"1024\" src=\"http:\/\/amandinefabry.be\/wp-content\/uploads\/2022\/04\/IMG_4719-2-629x1024.jpeg\" alt=\"\" class=\"wp-image-1632\" srcset=\"https:\/\/amandinefabry.be\/wp-content\/uploads\/2022\/04\/IMG_4719-2-629x1024.jpeg 629w, https:\/\/amandinefabry.be\/wp-content\/uploads\/2022\/04\/IMG_4719-2-184x300.jpeg 184w, https:\/\/amandinefabry.be\/wp-content\/uploads\/2022\/04\/IMG_4719-2-768x1250.jpeg 768w, https:\/\/amandinefabry.be\/wp-content\/uploads\/2022\/04\/IMG_4719-2-944x1536.jpeg 944w, https:\/\/amandinefabry.be\/wp-content\/uploads\/2022\/04\/IMG_4719-2-1258x2048.jpeg 1258w, https:\/\/amandinefabry.be\/wp-content\/uploads\/2022\/04\/IMG_4719-2-scaled.jpeg 1573w\" sizes=\"auto, (max-width: 629px) 100vw, 629px\" \/><\/figure>\n","protected":false},"excerpt":{"rendered":"<p>Vitrine de printemps Amandine Fabry et Vanessa Cao Du lundi 14 mars au vendredi 15 avril 2022, En vitrine aux Drapiers, Li\u00e8ge Partageant un[\u2026]<\/p>\n","protected":false},"author":3,"featured_media":0,"parent":0,"menu_order":0,"comment_status":"closed","ping_status":"closed","template":"","meta":{"remove_blocks_before_content":false,"remove_blocks_after_content":false,"countdown_timer_date_events":"","disable_reading_progress_bar":false,"footnotes":""},"class_list":["post-1626","page","type-page","status-publish","hentry"],"featured_image_src":null,"featured_image_src_square":null,"_links":{"self":[{"href":"https:\/\/amandinefabry.be\/index.php\/wp-json\/wp\/v2\/pages\/1626","targetHints":{"allow":["GET"]}}],"collection":[{"href":"https:\/\/amandinefabry.be\/index.php\/wp-json\/wp\/v2\/pages"}],"about":[{"href":"https:\/\/amandinefabry.be\/index.php\/wp-json\/wp\/v2\/types\/page"}],"author":[{"embeddable":true,"href":"https:\/\/amandinefabry.be\/index.php\/wp-json\/wp\/v2\/users\/3"}],"replies":[{"embeddable":true,"href":"https:\/\/amandinefabry.be\/index.php\/wp-json\/wp\/v2\/comments?post=1626"}],"version-history":[{"count":6,"href":"https:\/\/amandinefabry.be\/index.php\/wp-json\/wp\/v2\/pages\/1626\/revisions"}],"predecessor-version":[{"id":1652,"href":"https:\/\/amandinefabry.be\/index.php\/wp-json\/wp\/v2\/pages\/1626\/revisions\/1652"}],"wp:attachment":[{"href":"https:\/\/amandinefabry.be\/index.php\/wp-json\/wp\/v2\/media?parent=1626"}],"curies":[{"name":"wp","href":"https:\/\/api.w.org\/{rel}","templated":true}]}}

IN VITRIN&rsquo;, Galerie Les Drapiers, Liège

<figure class="wp-block-image"><a href="https://www.lesdrapiers.be/evenements/vitrinevanessa-cao-et-amandine-fabry/"><img decoding="async" src="https://www.lesdrapiers.be/wp-content/uploads/2019/08/Logo_Drapiers_small_2.svg" alt="Les Drapiers"/></a></figure>



<h2 class="wp-block-heading" id="vitrine-de-printemps"><a href="https://www.lesdrapiers.be/evenements/vitrinevanessa-cao-et-amandine-fabry/">Vitrine de printemps</a></h2>



<h2 class="wp-block-heading" id="amandine-fabry-et-vanessa-cao"><a href="https://www.lesdrapiers.be/evenements/vitrinevanessa-cao-et-amandine-fabry/">Amandine Fabry et Vanessa Cao</a></h2>



<p>Du lundi 14 mars au vendredi 15 avril 2022, En vitrine aux Drapiers, Liège</p>



<p>Partageant un atelier commun, Vanessa Cao et Amandine Fabry occupent ensemble la vitrine des Drapiers jusqu’au 30 avril.</p>



<p>La représentation de la nature est omniprésente, cadrée et transfigurée par le filtre photographique de Vanessa Cao et par le code binaire du tissage d’Amandine Fabry.</p>



<p>Le trouble de l’image est augmenté par les épaisseurs du fil, par le tissu mis à plat et par des tirages photographiques presqu’irréels, très graphique aussi&nbsp;: le tout très pictural.</p>



<p>Les deux valorisent chacune à leur manière les reflets, les flous, les aplats et la couleur.</p>



<figure class="wp-block-image size-large"><img loading="lazy" decoding="async" width="1024" height="768" src="http://amandinefabry.be/wp-content/uploads/2022/04/IMG_4728-1024x768.jpeg" alt="" class="wp-image-1629" srcset="https://amandinefabry.be/wp-content/uploads/2022/04/IMG_4728-1024x768.jpeg 1024w, https://amandinefabry.be/wp-content/uploads/2022/04/IMG_4728-300x225.jpeg 300w, https://amandinefabry.be/wp-content/uploads/2022/04/IMG_4728-768x576.jpeg 768w, https://amandinefabry.be/wp-content/uploads/2022/04/IMG_4728-1536x1152.jpeg 1536w, https://amandinefabry.be/wp-content/uploads/2022/04/IMG_4728-2048x1536.jpeg 2048w" sizes="auto, (max-width: 1024px) 100vw, 1024px" /></figure>



<figure class="wp-block-image size-large"><img loading="lazy" decoding="async" width="768" height="1024" src="http://amandinefabry.be/wp-content/uploads/2022/04/IMG_4713-1-768x1024.jpeg" alt="" class="wp-image-1631" srcset="https://amandinefabry.be/wp-content/uploads/2022/04/IMG_4713-1-768x1024.jpeg 768w, https://amandinefabry.be/wp-content/uploads/2022/04/IMG_4713-1-225x300.jpeg 225w, https://amandinefabry.be/wp-content/uploads/2022/04/IMG_4713-1-1152x1536.jpeg 1152w, https://amandinefabry.be/wp-content/uploads/2022/04/IMG_4713-1-1536x2048.jpeg 1536w, https://amandinefabry.be/wp-content/uploads/2022/04/IMG_4713-1-scaled.jpeg 1920w" sizes="auto, (max-width: 768px) 100vw, 768px" /></figure>



<figure class="wp-block-image size-large"><img loading="lazy" decoding="async" width="629" height="1024" src="http://amandinefabry.be/wp-content/uploads/2022/04/IMG_4719-2-629x1024.jpeg" alt="" class="wp-image-1632" srcset="https://amandinefabry.be/wp-content/uploads/2022/04/IMG_4719-2-629x1024.jpeg 629w, https://amandinefabry.be/wp-content/uploads/2022/04/IMG_4719-2-184x300.jpeg 184w, https://amandinefabry.be/wp-content/uploads/2022/04/IMG_4719-2-768x1250.jpeg 768w, https://amandinefabry.be/wp-content/uploads/2022/04/IMG_4719-2-944x1536.jpeg 944w, https://amandinefabry.be/wp-content/uploads/2022/04/IMG_4719-2-1258x2048.jpeg 1258w, https://amandinefabry.be/wp-content/uploads/2022/04/IMG_4719-2-scaled.jpeg 1573w" sizes="auto, (max-width: 629px) 100vw, 629px" /></figure>

<p>Vitrine de printemps Amandine Fabry et Vanessa Cao Du lundi 14 mars au vendredi 15 avril 2022, En vitrine aux Drapiers, Liège Partageant un[…]</p>
